True
Suppose 4*p = -5*d + 5, -2*p - d - 3*d + 4 = 0. Let r(k) = k**3 + k**2 + 2*k - 4. Let v be r(p). Is 681 - (0 + v + 0) a prime number?
False
Let j = -121 - -294. Let f(k) = 105*k - 1. Let y be f(1). Let o = j - y. Is o a prime number?
False
Let k(z) = 504*z + 164*z - 140*z - 1. Is k(2) composite?
True
Suppose -16*t + 15492 = -12*t. Suppose t = -45*b + 48*b. Is b a composite number?
False
Let u = -21 + 15. Let p(q) = q**2 + 5*q - 5. Let s be p(u). Is s + -1 + 0 + 274 prime?
False
Is ((-1)/(-3))/(13/178971) prime?
False
Let i(o) = 3*o**2 - 147. Let k(z) be the second derivative of -7*z**4/12 + z**3/6 + 293*z**2/2 + 12*z. Let b(q) = -5*i(q) - 2*k(q). Is b(0) composite?
False
Let k(i) = -193*i + 2. Suppose 0 = -7*h - 13 - 22. Is k(h) prime?
True
Suppose 0*v + 5*m - 1998 = -2*v, v = -2*m + 1001. Is v a prime number?
True
Let p = 3045 - -1942. Is p composite?
False
Let g = -22 - -20. Let j(h) = -392*h + 3. Is j(g) composite?
False
Suppose 5*z + 3*y = 19933, -5*y = -0*z + 4*z - 15936. Is z prime?
True
Suppose -3*x = x - 5*n + 78198, -2*x - 39112 = 4*n. Let c be x/(-18) + 16/(-72). Suppose 0 = 3*k - 1545 - c. Is k prime?
True
Is (-11)/(55/(-54225)) - -2 prime?
True
Suppose -8*g + 1502 = -9402. Suppose -g = 6*n - 5797. Is n prime?
True
Suppose -v = -2*w + 3*v - 6, -v = -3. Suppose -3*y = j - 5*j - 345, -j - 354 = -w*y. Is y composite?
True
Let l(o) = -o**2 + 10*o + 29. Let a be l(13). Let n(k) = -5*k**3 - 6*k**2 - 5*k - 9. Is n(a) prime?
True
Let f be -4 - (-4)/((-4)/(-3)). Let c(l) = 78*l**2 + l. Let d be c(f). Let z = 38 + d. Is z a prime number?
False
Let p be (96/(-4))/3 + 2. Let n be 1 - (-1364)/(2 + p). Is -2 - (-4)/((-16)/n) a composite number?
False
Let u = -11099 + 16656. Is u a prime number?
True
Let b(w) = 3*w**2 + w + 1. Let h be b(-1). Suppose -y + o + 2013 = -o, 0 = h*y + 5*o - 6072. Is y a composite number?
True
Let v be (5 - 4)*(0 + 5). Is (-211953)/(-105) + 2/v composite?
True
Is (-10 + 47705)/(1 - 0) prime?
False
Suppose 3*p - 2 = 5*p, 3*z = -5*p - 1553. Let j = 932 + z. Suppose -2*n + 114 = -j. Is n prime?
False
Let k(h) = -632*h - 36. Let t be k(-7). Suppose 0 = -135*n + 139*n - t. Is n a composite number?
False
Let t = -5097 + 11162. Is t a composite number?
True
Suppose p - 8416 = -7*p. Suppose -2*z - 2*r = -p, -4*r = 3*z - 56 - 1527. Is z a prime number?
True
Let g(j) = -7*j**2 + 3 + 5 - 11*j + 0. Let m(y) = 11*y**2 + 16*y - 12. Let p(l) = -8*g(l) - 5*m(l). Is p(9) composite?
False
Suppose 4*a - 3 = 1, 8 = 2*s + 2*a. Suppose 1482 = s*x - 3*o, 2 = o - 1. Is x a composite number?
True
Suppose 5*g - 2*g - 1212 = 3*i, 5*g + 4*i - 2011 = 0. Suppose y - 3*p + 6*p = g, -4*y - 5*p + 1640 = 0. Suppose 5*b + 45 = y. Is b prime?
False
Suppose 3*y - 5*c - 46 + 17 = 0, -3*y + 17 = -2*c. Suppose 4*f = -4*x + 5416, 0*f = f + y. Is x composite?
True
Suppose 2 = 4*v - 78. Suppose -3*w + v = 2*w. Suppose 0 = 2*y - 4, -3*t - w*y = -165 - 314. Is t composite?
False
Let w(c) be the third derivative of 3*c**6/40 + c**5/60 - c**4/8 + c**3/3 + 8*c**2. Let y be w(1). Suppose 0 = -y*j + 11*j - 170. Is j a composite number?
True
Let v(q) be the first derivative of 6 + 89/2*q**2 - q. Is v(6) a prime number?
False
Let a(w) be the second derivative of -104*w**3/3 + 9*w**2/2 - 7*w + 3. Is a(-1) a composite number?
True
Suppose d + 0*d = -2. Let h = -90 + 308. Is (-2*h)/d + 3 prime?
False
Let i = 3244 + 3921. Is i composite?
True
Suppose -15*r + 63048 + 70797 = 0. Is r a prime number?
True
Let t(k) = -k**2 + 13*k + 25. Let z be t(14). Suppose -2185 = 6*j - z*j. Is j a prime number?
False
Let z(t) = 10*t**2 + 41*t + 245. Is z(-24) a composite number?
False
Is (179388/7)/4 - 36/(-126) a prime number?
False
Suppose 5*j = -3*f + 5716, 2*j - 3*j + 1134 = -4*f. Let h = j + 1073. Is h a composite number?
True
Let d(r) = -103*r**3 - 9*r**2 - 26*r - 35. Is d(-9) prime?
False
Let i(x) = 6*x + 7. Let c be i(9). Let o = 146 - c. Let t = -34 + o. Is t a composite number?
True
Let h be (1 + 6)/(0 - -1). Let n(p) = -3*p + 9. Let c be n(h). Let s(f) = -f**2 - 15*f - 15. Is s(c) composite?
True
Let b(d) = d**3 - d**2 - 315 + 0*d**3 + d + 894 + 218. Is b(0) composite?
False
Suppose -4*g = -3*f + g - 3978, 3*f + g = -3978. Is f/(-8)*2/(-3)*-2 composite?
True
Let o = 4735 - 1280. Is o prime?
False
Let h be -1 + (-14 - -1) - -1. Let b(y) = y**3 - 14*y**2 + 15*y - 11. Let m(q) = -q**3 + q**2. Let c(r) = -b(r) - 2*m(r). Is c(h) a composite number?
False
Let i = 12312 - 3243. Is i prime?
False
Suppose n + 50 = 6*n. Suppose -n*p + 2462 = -4328. Is p composite?
True
Is 4310/(-4)*(-16)/20 composite?
True
Suppose -11*x + 1870220 = 33*x. Is x composite?
True
Let l = -84 + 120. Suppose 0 = 3*v - 6*v + l. Is 1 + 1 - (v + -169) a composite number?
True
Let j(f) = f**3 + 10*f**2 + 10*f + 11. Let v be j(-9). Suppose -v*h - 2*w - 2*w = 172, 3*w = h + 106. Is (3/(-1))/(3/h) a composite number?
True
Let w be 13 - 7 - (-1 + 4). Let q be 229*(-1 + -1 + w). Suppose -4*j + 935 = -q. Is j prime?
False
Let o = -443 - -1188. Is o a prime number?
False
Is -3 - (-4 - (-3)/1) - -1363 prime?
True
Let t be (6/(-8) + (-7)/(-28))*278. Let m = t + 552. Is m a prime number?
False
Let j(p) be the first derivative of -129*p**2 - 5*p + 36. Is j(-20) prime?
False
Let t(w) = 143*w + 274. Is t(63) a composite number?
False
Let k(x) = 4*x**2 - 4*x - 21. Let t = -93 + 101. Is k(t) a prime number?
False
Suppose -17*j + 24199 = 3*l - 19*j, 16130 = 2*l - 2*j. Is l a prime number?
True
Let a = 3141 + 406. Is a a composite number?
False
Let g(l) = -17*l**3 - 3*l**2 - 3*l - 3. Let a(m) = m**2 - 4*m - 2. Let u(r) = r**2 + r + 2. Let k be u(-2). Let s be a(k). Is g(s) a composite number?
False
Is (822/(-9))/((-14)/2121) prime?
False
Let m(l) = 448*l + 93. Is m(23) a composite number?
True
Let o(w) = -64*w + 13. Let i(s) = -s**3 + 4*s**2 - 7*s. Let z be i(3). Is o(z) a composite number?
True
Let z = 17 + -190. Let f = 118 + z. Let i = 92 + f. Is i a composite number?
False
Suppose 44 = -m - 3. Let s(w) = -30*w - 10. Let y be s(-7). Let k = y - m. Is k a composite number?
True
Suppose 5*d = 32 + 23. Suppose 9*x = d*x - 8254. Is x composite?
False
Let n = -965 - -1498. Is n a composite number?
True
Is (-44)/33*106644/(-8) a composite number?
True
Let m = 151 + -259. Is 190388/18 - (-12)/m a composite number?
True
Is 666780/(-20)*(-5)/15 a composite number?
False
Let i be -2 + 2 + 1 + 1. Suppose -4 = -i*b + 2*z, 3*b + 0 = -z + 10. Suppose 3*q + b = -0*q, 0 = -5*h + 5*q + 750. Is h a prime number?
True
Suppose -2*x + 4*v = 0, -x - 7*v + 1 = -10*v. Suppose -2*f + 3*f = y - 10, 5*y = 2*f + 41. Is x/y - (-14428)/28 composite?
True
Let f = -27 - -29. Let t be (f + 195)*(2 - 1). Suppose o - t - 249 = 0. Is o a prime number?
False
Let z(n) = 79*n**2 + n + 17*n**2 + 0*n - 25 - 13*n**2. Is z(-5) prime?
False
Let y = 2487 - 1600. Is y prime?
True
Let s(b) = -37*b**2 - 25*b - 23. Let z be s(16). Is (12/6)/(5/(z/(-2))) a prime number?
True
Suppose -9667 = 3*h + 4*y, 4*h = -4*y + 9*y - 12848. Let j = h - -5384. Is j prime?
False
Let f = 8894 + -6268. Suppose -2*b = 4*c - 634, -5*b - 1069 = 3*c - f. Is b a prime number?
False
Let d be 59/(-6)*-2 + (-16)/(-48). Suppose 337 = -d*r + 21*r. Is r a composite number?
False
Let w be (-2)/(-8) - (-1325)/(-20). Let a be 13253/6 + (-11)/w. Suppose -a = -5*h + 4*d, -5*h + 1675 + 546 = -d. Is h prime?
False
Let t(v) = v**3 + 6*v**2 - 3*v - 6. Let y be t(-8). Let a be 8/56 + (-282)/14. Is (30/a)/(3/y) a prime number?
False
Suppose 30*j + 15*j - 1653255 = 0. Is j a prime number?
True
Let c be 2/9 + (-55108)/(-36). Let w = 2380 - c. Is w composite?
True
Let j(q) = 2*q**3 + 5*q**2 - 9*q + 9. Let a be j(6). Suppose -a + 145 = -2*l. Is l prime?
True
Let h = 14491 + -2720. Is h prime?
False
Let l = 3 + 3. Let p = l - 4. Suppose -5*r + 955 = -p*z, -4*r + 836 = 3*z + 72. Is r composite?
False
Let l(n) = 105*n**2 + 2*n - 7. Let c be l(3). Suppose -3*v + c + 3451 = 0. Is v a composite number?
True
Suppose -4*n + 903 = -2245. Suppose -5*x + 3478 = -n. Is x a composite number?
False
Let u = -23 + 13. Let z = u + 15. Let m(l) = 8*l**2 + 5. Is m(z) composite?
True
Let a(k) = -5*k - 22. Let f be a(-5). Suppose d + f*d = 2620. Is d a composite number?
True
Let j = -4 - -6. Suppose j*h - 3*h = -53. Suppose -h + 693 =